{"id":86,"date":"2023-11-12T20:00:21","date_gmt":"2023-11-12T19:00:21","guid":{"rendered":"https:\/\/vela-luka.de\/?page_id=86"},"modified":"2023-11-12T20:00:21","modified_gmt":"2023-11-12T19:00:21","slug":"preise","status":"publish","type":"page","link":"https:\/\/vela-luka.de\/index.php\/preise\/","title":{"rendered":"Preise"},"content":{"rendered":"\n<p>Alle Preise verstehen sich f\u00fcr das gesamte Anwesen mit drei Appartements f\u00fcr bis zu 12 Personen inklusive aller Nebenkosten.\u00a0Hierbei enthalten sind ebenfalls Bettw\u00e4sche, Dusch- und Handt\u00fccher sowie Endreinigung nach Abreise.\u00a0<\/p>\n\n\n\n<p>Achtung: Bei Buchung einzelner Appartements gelten je nach Saison und Aufenthaltsdauer Sonderkonditionen. Wir werden sie nat\u00fcrlich gerne vorab oder bei ihrer Buchung zum derzeitigen Stand der Belegung der anderen Appartements infomieren. Hierbei kann jedoch nicht garantiert werden, dass bis zu ihrer Anreise keine weiteren G\u00e4ste Buchungen vornehmen werden. <\/p>\n\n\n\n<p>Nach Ihrer Anfrage erhalten Sie von uns Infos zur Verf\u00fcgbarkeit sowie ein Preisangebot. Sie best\u00e4tigen eine Buchung mit der \u00dcberweisung von einer Anzahlung in H\u00f6he von 30 % des Gesamtpreises (PayPal oder andere Zahlungsm\u00f6glichkleiten gerne nach vorheriger Absprache). <\/p>\n\n\n\n<p>Da wir auf mehreren Portalen unser Anwesen bewerben, k\u00f6nnen wir nicht immer oder f\u00fcr eine Zeitraum das Anwesen f\u00fcr sie blocken. Daher ist eine schnelle Reserviung empfohlen: <\/p>\n\n\n\n<p>Sobald der Betrag auf unserem Konto eingegangen ist, best\u00e4tigen wir ihnen die Reservierung zum angefragten Zeitraum. Der Restbetrag wird dann 14 Tage vor Ankunft f\u00e4llig. <\/p>\n\n\n\n<p><br><strong>Villa Belvedere Appartements f\u00fcr bis zu 12 Personen<\/strong><br>(Preis pro Nacht f\u00fcr alle drei Appartement und max. 12 Personen)<\/p>\n\n\n\n<p>01.01. &#8211;  18.05.2024           200,00 \u20ac<br>18.05. &#8211;  13.07.2024           450,00 \u20ac<br>13.07. &#8211;  07.09.2024           550,00 \u20ac<br>07.09. &#8211;  05.10.2024          450,00 \u20ac<br>05.10. &#8211;  31.12.2024           200,00 \u20ac<\/p>\n\n\n\n<p>Ebenfalls haben wir einen Flexibilit\u00e4tsrabatt! Sollten Sie Ihren Urlaub zeitlich flexibel planen k\u00f6nnen, so erhalten Sie einen Sonderrabatt f\u00fcr die noch verf\u00fcgbaren Termine. Bitte sprechen Sie uns hierzu ebenfalls an!<\/p>\n\n\n\n<p><br>Bitte beachten Sie, dass wir bei Aufenthalt unter einer Woche eventuell einen kleinen Aufpreis berechnen m\u00fcssen. Sonderpreise sind bei kurzfristigen Verf\u00fcgbarkeiten oder bei Buchungen von l\u00e4nger als zwei Wochen m\u00f6glich. Bitte kontaktieren sie uns hierzu gerne. <\/p>\n","protected":false},"excerpt":{"rendered":"<p>Alle Preise verstehen sich f\u00fcr das gesamte Anwesen mit drei Appartements f\u00fcr bis zu 12 Personen inklusive aller Nebenkosten.\u00a0Hierbei enthalten sind ebenfalls Bettw\u00e4sche, Dusch- und [&hellip;]<\/p>\n","protected":false},"author":1,"featured_media":0,"parent":0,"menu_order":0,"comment_status":"closed","ping_status":"closed","template":"","meta":{"advanced_seo_description":"","jetpack_seo_html_title":"","jetpack_seo_noindex":false,"footnotes":""},"class_list":["post-86","page","type-page","status-publish","hentry"],"jetpack-related-posts":[],"jetpack_sharing_enabled":true,"_links":{"self":[{"href":"https:\/\/vela-luka.de\/index.php\/wp-json\/wp\/v2\/pages\/86","targetHints":{"allow":["GET"]}}],"collection":[{"href":"https:\/\/vela-luka.de\/index.php\/wp-json\/wp\/v2\/pages"}],"about":[{"href":"https:\/\/vela-luka.de\/index.php\/wp-json\/wp\/v2\/types\/page"}],"author":[{"embeddable":true,"href":"https:\/\/vela-luka.de\/index.php\/wp-json\/wp\/v2\/users\/1"}],"replies":[{"embeddable":true,"href":"https:\/\/vela-luka.de\/index.php\/wp-json\/wp\/v2\/comments?post=86"}],"version-history":[{"count":1,"href":"https:\/\/vela-luka.de\/index.php\/wp-json\/wp\/v2\/pages\/86\/revisions"}],"predecessor-version":[{"id":88,"href":"https:\/\/vela-luka.de\/index.php\/wp-json\/wp\/v2\/pages\/86\/revisions\/88"}],"wp:attachment":[{"href":"https:\/\/vela-luka.de\/index.php\/wp-json\/wp\/v2\/media?parent=86"}],"curies":[{"name":"wp","href":"https:\/\/api.w.org\/{rel}","templated":true}]}}